ided by v?
81
Let c(b) = 7*b + 23. Let z be c(-3). What is the remainder when 113 is divided by z*-9*((-429)/(-18))/(-11)?
35
Suppose 1317 - 13557 = -72*p. What is the remainder when 2035 is divided by p?
165
Suppose 2*w - 1720 = 4*a, -25*w - 5*a - 2579 = -28*w. What is the remainder when w is divided by 14?
4
Suppose -11 = -c - 7. Suppose -25 = -5*o + 5*z, -3*z + 9 = 2*o - c*z. Let a(u) = u**2 - u. Calculate the remainder when o is divided by a(2).
0
Let d be (30/8)/((-5)/(-20)). Let h(i) = -i**2 + 20*i + 20. Suppose 0 = g - 16 - 0. What is the remainder when h(d) is divided by g?
15
What is the remainder when -10 + 1345 + (3/(3/(-5)) - 3) is divided by 133?
130
Let o(f) = -f**2 + 12*f + 18. Let w be o(14). Let d be (5/w)/(-1 + 318/320). Let s = -35 + d. What is the remainder when 134 is divided by s?
44
Let s be (10*4/8 + -5)/(-1). Suppose -3*m = s, -k - 4*k - m = -95. What is the remainder when 130 is divided by k?
16
Suppose -3*z + 3*d = 6, 7 = z + 5*d + 3. What is the remainder when 74 is divided by z/((64/65 - 4) + 3)?
9
Let x(l) = 5*l**3 - 34*l**2 - 4*l + 8. Calculate the remainder when x(9) is divided by 12.
11
Suppose c + 10*z - 1891 = 5*z, 2*z - 9317 = -5*c. What is the remainder when c is divided by 57?
37
Let y = 10458 + -10400. Calculate the remainder when 20356 is divided by y.
56
What is the remainder when 325 - -167 - 20/(-2) is divided by 48?
22
Suppose -11*u = 68 - 134. What is the remainder when 140 is divided by u?
2
Let j(c) = c**3 + 5*c**2 + 2. Let n = -60829 - -60857. What is the remainder when n is divided by j(-4)?
10
Let a = 5754 - 5724. What is the remainder when 332 is divided by a?
2
Suppose 3*x - b - 94 - 15 = 0, 3*x = 2*b + 110. What is the remainder when 2973 is divided by x?
21
Let j(u) = -u**3 + 130*u**2 - 1311*u + 258. What is the remainder when 2837 is divided by j(119)?
17
Let p = 385 + -268. Let r = p + -29. What is the remainder when 439 is divided by r?
87
Suppose 0 = -2*d + 4*p - p + 70, 5*d + 5*p - 225 = 0. Calculate the remainder when 90 is divided by d + (10 - 13)/(3/(-2)).
4
What is the remainder when (((-40239)/18)/(-17))/(10/20) is divided by (-1074)/(-16) - 8/64?
62
Let r be 8/(-4) + 60 + (-9)/3. Suppose -b = -2*d + r, 5*d + 4*b - 65 = 105. Let l(p) = -2*p**2 - 29*p - 52. What is the remainder when d is divided by l(-12)?
6
Calculate the remainder when 1053 is divided by (7/(-14))/((455/(-1794))/35).
18
Let a be (-3)/(-6) + 1 - 63/(-6). Suppose -a = 14*y - 17*y. Suppose -y*q + 319 = 5*z, 2*z + 2*q = -q + 129. Calculate the remainder when z is divided by 11.
8
Let f = -3725 - -3992. Calculate the remainder when f is divided by 30.
27
Suppose -7*v + 56 = -3*v. Calculate the remainder when ((-2)/6)/(3/(-1881)) is divided by v.
13
Suppose -14*l + 10*l + 8 = 0. Let t(p) = -1 + 3 + 10*p**2 + 2 - 8*p**l - 18*p. What is the remainder when t(9) is divided by 3?
1
Let f(a) = -5*a**2 - 4*a - 3. Let z be f(-1). Let t(y) = 0 + 2*y**2 - 8*y**2 - 3*y**3 + 8 - 6*y - y**2. What is the remainder when t(z) is divided by 57?
55
Suppose -y + 19 = -2*w - 49, -3*y + 5*w + 203 = 0. Let d = y - 37. What is the remainder when (-2)/(2/1)*(-1130)/10 is divided by d?
26
Let p be -11 - -10 - 14*(-11)/2. Let j = 87 - p. Calculate the remainder when 63/(-5)*(-50)/15 is divided by j.
9
Let m = 18294 - 17290. What is the remainder when m is divided by 47?
17
Let u(w) be the third derivative of -w**4/6 + w**3/3 - 3*w**2. Calculate the remainder when (-585)/(-25)*85/51 is divided by u(-3).
11
Suppose 5*o - 2*o = -5*n + 92, 4*o + 48 = 4*n. Calculate the remainder when 680 is divided by n.
8
Let q be (-2910)/(6/1) - -2. Calculate the remainder when 25 is divided by ((-14)/6 + 1)/(92/q).
4
Let z = 24 - 59. Suppose -24*l - 799 = -71*l. Let s = l - z. What is the remainder when s is divided by 18?
16
Let h = 11589 - 11539. Let o = 1 - -12. What is the remainder when h is divided by o?
11
Let d = -2529 - -2577. What is the remainder when d is divided by 17?
14
Let b = -2564 + 2582. Calculate the remainder when 477 is divided by b.
9
Let z = -2978 + 3038. What is the remainder when 656 is divided by z?
56
Let t = 4880 + -4629. Calculate the remainder when 29616 is divided by t.
249
What is the remainder when 2007 is divided by (-125)/(-600)*-8 + (-3010)/(-6)?
7
Let v = 223 + -437. Let i = 314 + v. Suppose 4*t - 2*q - i = 0, 3*q = t + q - 31. Calculate the remainder when 45 is divided by t.
22
Let h(m) = 161*m**2 + 27*m - 1. Calculate the remainder when 174 is divided by h(-1).
41
Suppose -5*c + 325 = 8*c. Suppose 187 = 4*n - c. Calculate the remainder when n is divided by 28.
25
Suppose -5*n = 4*f - 72, -1301*f + 1302*f = n. Let g = -82 - -126. Calculate the remainder when g is divided by n.
4
Let b(n) = -7*n - 113. Let q be 15/6*4/5. Suppose j + 108 = 5*z, -q*z + 5*j + 120 = 3*z. What is the remainder when z is divided by b(-17)?
3
Suppose 3*x + v - 2008 = 0, v - 5*v = -16. Calculate the remainder when x/10 - (-5 + (-48)/(-10)) is divided by 18.
13
Let w = -75 - -144. Calculate the remainder when w is divided by (-1)/((-45)/(-27) + -2) - 1*-3.
3
Suppose 3*x = 2*b + 52 - 17, x = -5*b + 40. Suppose 0*l + l = -4*t + 44, t - 38 = -l. What is the remainder when l is divided by 5/x*51 - -2?
17
Calculate the remainder when ((-6)/8 + (-532)/336)/(18/(-15822)) is divided by 54.
53
Let y(r) = 20*r. What is the remainder when (-764)/1337 - (-557)/7 is divided by y(2)?
39
Suppose 10 = 95*r - 105*r. Calculate the remainder when 15 is divided by 7 + 0 + r - -3.
6
Suppose -3*m - 58 = 113. Let z = -13 - m. Suppose 4*c + z = 2*k, -156 = -4*k - 5*c - 42. Calculate the remainder when 76 is divided by k.
24
Suppose -k + 11 = -q + 4*q, -5*q + 3*k = 5. Suppose 2*r - 5*r - 76 = -4*l, -4*r = -q*l + 88. Let a = r + 56. Calculate the remainder when 69 is divided by a.
33
Calculate the remainder when 1070/4 + (-26 - (-153)/6) is divided by 63.
15
Let g = -34 - -37. Let r = 154 - 150. Suppose -5*m = -g*p - r*m + 561, 0 = 3*m. Calculate the remainder when p is divided by 19.
16
Suppose 0 = p + 35 - 44. Suppose t = 4*g + 12, 113 - p = 3*t + 5*g. What is the remainder when 132 is divided by t?
20
Let d(l) = l**2 - 4*l - 22. Suppose 0 = 6*g - 3*g - 24. Let k be d(g). Suppose -5*z + k = -3*z. Calculate the remainder when 32 is divided by z.
2
Suppose -2304*t + 2308*t - 148 = 0. Calculate the remainder when 8210 is divided by t.
33
Suppose 0 = -323*y + 6727 + 44953. Calculate the remainder when y is divided by 112.
48
Suppose 3*y - 5*f = 98, -3*f = -8 + 20. Let h = -276 - -282. Suppose -h*i + 11*i = -5*j + 240, -40 = -i + 3*j. Calculate the remainder when i is divided by y.
20
Let s(p) = -p**3 + 11*p**2 + p - 91. What is the remainder when 294 is divided by s(5)?
38
Suppose -37*b + 329 = 10*b. Calculate the remainder when 97 is divided by -2 + 8 + -2 + b.
9
Suppose -11*l = 2533 - 432. Let q = -63 - l. What is the remainder when q is divided by (-425)/(-10) + (-1)/(-2)?
42
Suppose m = 3*j - 408, m - 145 = -6*j + 680. What is the remainder when 415 is divided by j?
4
Suppose -17*v + 9*v = -104. Let t(x) = 3*x + 23. Calculate the remainder when v is divided by t(-5).
5
Let q(w) = -w**3 + 16*w**2 + 34*w - 48. Calculate the remainder when q(15) is divided by 10.
7
Let x(l) = l**3 - 25*l**2 + 25*l + 11. Suppose 48 = 2*a - 0*a. What is the remainder when x(a) is divided by 14?
7
Suppose 80796 = 853*z - 19009 - 51176. What is the remainder when z is divided by 9 + (-4)/(-2) + -1?
7
Let j be -8 - -9 - (3 - 2 - 3). Suppose -313 = -j*a + 128. Calculate the remainder when a is divided by 37.
36
Let x(y) = 4*y - 4. Suppose -3*c = 2*b - 5 - 7, 5*c - 4*b = -2. Suppose -3*q + 98 = 4*m, c*q + 3*m - 32 = 7*m. What is the remainder when q is divided by x(3)?
2
Let l = -32 + 55. What is the remainder when (-1 - 32/(-2))/(21/315) is divided by l?
18
Let k = 270 - 261. Calculate the remainder when 425/k - 24/108 is divided by 30.
17
Let v = -140 + 197. Suppose 0 = 5*b, 309*r + 311*r - 3*b = 624*r - 16. What is the remainder when 0 + 2 + v/1 is divided by r?
3
Suppose c - 2333 = -4*o - 0*c, 5*o - 2919 = -4*c. Suppose -6*d - 5*d + o = 0. What is the remainder when d is divided by 15?
8
Suppose -3*j = -f + 36, -25*f = -29*f - 5*j + 76. Calculate the remainder when 82 is divided by f.
10
Sup